*o + 5 + 27. What are the prime factors of o?
11
Let m(z) = -z**2 + 6*z + 1. Let f be m(6). Suppose -5 - 7 = 4*p. List the prime factors of f/(p/(-48))*1.
2
Suppose -2*p = 2*q - 86, 4*p = 3*p + 5*q + 19. What are the prime factors of p?
3, 13
Let n(c) = c**3 + 6*c**2 - 8*c - 6. List the prime factors of n(-6).
2, 3, 7
Let j = -6 - -10. Let x = 20 - j. List the prime factors of x.
2
Suppose -5*t + 83 - 8 = 0. What are the prime factors of t?
3, 5
Let n be -1 + 1 - (0 - 0). Suppose -4*h + 27 - 7 = n. List the prime factors of h.
5
Let l(c) = c**2 + 3 - 1 + 0 - 2*c + 0*c**2. What are the prime factors of l(2)?
2
Suppose -11 - 21 = 4*q. Let h be 38*2*1/4. Let y = q + h. List the prime factors of y.
11
Let l be (12/15)/((-1)/(-5)). List the prime factors of l/10 - (-159)/15.
11
Let z = 2 + 3. Suppose 0 = a + z*c + 19, 2*a + 5*c = -0*a - 18. What are the prime factors of a/(-2) - (-147)/14?
2, 5
Let u(z) = 0*z**2 + 5*z**2 - 4 - 6*z**2 + 3*z. Let k be u(-5). Let c = 62 + k. List the prime factors of c.
2, 3
Suppose 2*g + r = -6, g + 9 = 2*r + 1. Suppose 5*u - 15 = 0, u = 4*v - v + 12. List the prime factors of (0 + 1)*g*v.
2, 3
Let i(t) = 2*t**2 + 9*t + 1. List the prime factors of i(-6).
19
Let n(o) = -5*o**3 - 3*o**2. What are the prime factors of n(-2)?
2, 7
Let u(f) = -8 + 2 - 9*f - 2 + 0*f**2 - f**2. List the prime factors of u(-7).
2, 3
Let u(s) = -s + 13. Let v be u(-9). Suppose -5*y - v = -6*y. List the prime factors of y.
2, 11
Suppose 5*z + 2 = -3. Let x = z + 3. Suppose 0 = -3*g - 6, -x*s + 3*s - 11 = g. List the prime factors of s.
3
Suppose 0 = -2*k - 5 - 9. Let i = k + 3. List the prime factors of (i/(-3))/(2/30).
2, 5
Suppose 3*j = 4*u - 225, j - 119 = -2*u - 4*j. Suppose 4*x = 3*k - 0*x - u, -2*k = -x - 43. What are the prime factors of k?
23
Suppose 3*z + 2*n = 159, 0*z - 2*z + 5*n + 106 = 0. List the prime factors of z.
53
Let f be 6/1*(-15)/(-2). Suppose -t = -c - 5*t - 15, 4*c - 5*t = f. What are the prime factors of c?
5
Let g(i) = 4*i - 15. List the prime factors of g(16).
7
Let m = 16 - 7. Let y = m + 0. List the prime factors of y.
3
Suppose -323 = -2*z - g, -g + 2*g + 3 = 0. List the prime factors of z.
163
Let k = 55 + 30. What are the prime factors of k?
5, 17
Suppose 312 = -8*r + 11*r. List the prime factors of r.
2, 13
Let m = 57 + -31. Suppose -7*x + m = -5*x. What are the prime factors of x?
13
Let m(n) = -n**3 + n**2 + 17. Let a(s) = -s**2 - 5*s + 1. Let q be a(-4). Suppose 3*y + 10 + q = 5*f, 0 = -5*y + 4*f - 12. What are the prime factors of m(y)?
17
Let t(d) = -d**3 - 11*d**2 - 13*d - 2. Suppose -3*l + 9 - 39 = 0. Let c be t(l). Suppose -5*o + c = -o. List the prime factors of o.
7
Let i(o) = -3*o**3 + 3*o**2 + 2*o + 3. Let g(w) = -w**3 - w**2 + w. Let j(b) = -4*g(b) + i(b). List the prime factors of j(-7).
17
What are the prime factors of 21*((-50)/(-15) - -3)?
7, 19
Let u = 16 - 1. Suppose 5*o + u = 0, -3*w - w - 4*o = -36. What are the prime factors of (-3)/w - (-77)/4?
19
Let f(v) = 2*v. Let o be f(2). Suppose -o*p - 23 + 67 = 0. List the prime factors of p.
11
List the prime factors of 6*(3 - (-55)/10).
3, 17
Let p = 488 + -206. What are the prime factors of p?
2, 3, 47
Let c be (-2)/5 + 561/15. Let i be 16 + ((-4)/(-2))/2. Let q = c - i. List the prime factors of q.
2, 5
Suppose 0 = -3*r + 4*p + 53, -19 - 81 = -4*r - 2*p. Let x = r + 8. List the prime factors of x.
31
Let o(z) = -z**3 + 4*z**2 + 2*z - 6. Let r be o(4). Suppose 0*m = 2*m - r, 4*t = -m + 57. What are the prime factors of t?
2, 7
Suppose -2*d + d + 3 = 0. Suppose -d*o - 2*j + 8 = -2*o, 5*o + 3*j - 19 = 0. What are the prime factors of o?
2
Suppose -h - 69 = -4*h. What are the prime factors of h?
23
Let r(t) = -4*t + 7. What are the prime factors of r(-6)?
31
Suppose 3*p - x - 135 = 0, -6*p = -p - 3*x - 221. What are the prime factors of p?
2, 23
Suppose -4*a + 3*a - 56 = -2*y, -2*y = -4*a - 68. What are the prime factors of y?
2, 13
Suppose 12 - 4 = 4*w, -4*w - 832 = -3*x. What are the prime factors of x?
2, 5, 7
Let a(u) be the second derivative of -u**4/12 + u**3 + 3*u**2 + 2*u. Let m be a(6). Let d = m + 2. List the prime factors of d.
2
What are the prime factors of (135/18)/(6/32)?
2, 5
Let n = 11 + -11. Suppose -4*u + 4 + 12 = n. Suppose 3*v - 41 = u*o, -v - 5*o - 11 = -50. What are the prime factors of v?
19
Let r be 1/5 - (-164)/(-20). What are the prime factors of ((-14)/r)/(2/16)?
2, 7
Suppose v + 2*t = -2*t + 6, 4*v - 2*t - 24 = 0. Let x be (-115)/(-25) - v/10. What are the prime factors of ((-12)/9)/(x/(-6))?
2
Suppose -t - n + 281 = 0, 4*n + 293 = 3*t - 557. What are the prime factors of t?
2, 3, 47
Let q = 1 - -1. Suppose -97 = -3*z + q*p, 5*p = -2*z + 3*p + 58. List the prime factors of z.
31
Suppose 0 = -s + 6*s + o - 1046, 3*s - 2*o = 625. Suppose 54 - s = -5*w. List the prime factors of w.
31
List the prime factors of ((-4)/(48/(-114)))/(1/10).
5, 19
Let x be (-10)/(-2 - 6/(-4)). Let v = 9 + x. List the prime factors of v.
29
Let r(f) = f**2 + 5*f - 6. Let y be r(-6). Let h be y + 14*7 + -2. Suppose -5*s = -4*g - h, 5*g = 2*s - 0*s - 52. List the prime factors of s.
2
Suppose -3*g + 222 = 2*j + j, -4*j + g + 271 = 0. List the prime factors of j.
3, 23
Let z = 404 - 195. What are the prime factors of z?
11, 19
Let v = 4 - 9. List the prime factors of v/10 + (-10)/(-4).
2
Let t be ((-27)/6)/(3/(-4)). Suppose 0*i + 258 = t*i. What are the prime factors of i?
43
Let o be (1 - (-3 - -1)) + -3. What are the prime factors of (o + 3)/3*17?
17
Let u be 36/(-2) - 10/(-5). What are the prime factors of (-2)/((u/4)/28)?
2, 7
Let n(f) = f**2 + 10*f + 9. Suppose -5*k = -12 - 3, 56 = -5*d + 2*k. What are the prime factors of n(d)?
3
List the prime factors of 573/6 + (-6)/(-4).
97
Let n(g) = 2*g**2 - g. Let w be n(-4). Suppose 5*u - w - 39 = 0. List the prime factors of u.
3, 5
List the prime factors of (11/2)/(17/34).
11
Let g(m) = m**2 - m. Let z(a) = a**2 - 7*a - 3. Let y(f) = -2*g(f) + z(f). Let w(o) = -o + 3. Let q be w(6). List the prime factors of y(q).
3
Let p(c) = c**3 + c**2 + c + 38. Let l be p(0). Suppose 0 = o - 4*r - l, r + 158 = -0*o + 3*o. What are the prime factors of o?
2, 3
Let j = -8 + 12. Suppose 2*v + n - 13 = -0*v, 2 = v - j*n. List the prime factors of v.
2, 3
Let m(g) = g. Suppose 0 = 2*z - z - 7. Let p be m(z). Suppose 0 = 5*i - 4*k - 56, -4*i + 4*k - p = -51. List the prime factors of i.
2, 3
Suppose a = -0*a + 5, -5*z + 40 = 3*a. Suppose -172 = -z*d + 38. Suppose -4*x = -d + 10. What are the prime factors of x?
2
Let i(w) = -21*w - 7. What are the prime factors of i(-4)?
7, 11
Suppose 5*x + 20 = 0, 49 = 3*d - 5*x - 13. List the prime factors of d.
2, 7
Suppose 6 = 3*i + 78. Let p = i + 40. What are the prime factors of p?
2
Suppose -3*n = -4*g - 8*n + 104, 17 = g - n. List the prime factors of g.
3, 7
Let w(x) = -x**3 - 6*x**2 - 10*x - 11. Let h(a) = -a**3 + a**2 + a - 1. Let y(i) = 2*h(i) - w(i). List the prime factors of y(9).
2, 3
Suppose 0 = -h + 2*h - 3. Suppose -h*r + 24 = r. List the prime factors of r.
2, 3
Suppose -2*s = -3*j + 4*j - 50, 5*j - 58 = -2*s. What are the prime factors of s?
2, 3
Suppose -35*b + 38*b - 282 = 0. What are the prime factors of b?
2, 47
Suppose 0 = 3*h - 404 - 145. List the prime factors of h.
3, 61
Let g(n) = -n**2 + 4*n + 4. Let b be g(4). Suppose -22 = -b*s + 2*s. Let k = 15 - s. What are the prime factors of k?
2
Suppose -12 - 9 = -3*c - 3*b, c = -3*b + 15. Let r(w) = 2*w**2 - 5*w + 3. Let s be r(c). Let k = s - 3. What are the prime factors of k?
3
Let q be (-11)/2*(7 - 5). Let i(y) = -y**3 - 10*y**2 + 8*y - 14. List the prime factors of i(q).
19
Let a(d) = -d**2 - d + 1. Let t(r) = -r**2 - 9*r - 4. Let h(p) = -2*a(p) + t(p). Let g be h(-4). Suppose -u + g = 3*w, -2 = -u + 3. List the prime factors of w.
11
Let k = 6 - -53. List the prime factors of k.
59
What are the prime factors of (-1)/3*1 - 271/(-3)?
2, 3, 5
Suppose -f = -3*k + 29, -4*f - 2*k - 39 = 7. Let v be f/(-6) + (-2)/(-3). Suppose b = -d + 24 - v, -4*b = 5*d - 100. List the prime factors of d.
2
Let x(z) = 6*z + 2. Suppose -6*k - 4*p = -2*k, -2 = k + 2*p. List the prime factors of x(k).
2, 7
Suppose 2*c = -c + 6. Suppose -4*a - 80 = -4*p, -48 = -2*p - 0*a - c*a. List the prime factors of p.
2, 11
List the prime